{"id":565,"date":"2026-01-22T14:06:18","date_gmt":"2026-01-22T13:06:18","guid":{"rendered":"https:\/\/www.restaurantlepik.com\/?page_id=565"},"modified":"2026-01-22T15:12:25","modified_gmt":"2026-01-22T14:12:25","slug":"mentionslegales","status":"publish","type":"page","link":"https:\/\/www.restaurantlepik.com\/index.php\/mentionslegales\/","title":{"rendered":"Mentions l\u00e9gales"},"content":{"rendered":"\t\t<div data-elementor-type=\"wp-page\" data-elementor-id=\"565\" class=\"elementor elementor-565\" data-elementor-post-type=\"page\">\n\t\t\t\t<div class=\"elementor-element elementor-element-50e6650 e-flex e-con-boxed e-con e-parent\" data-id=\"50e6650\" data-element_type=\"container\" data-e-type=\"container\">\n\t\t\t\t\t<div class=\"e-con-inner\">\n\t\t\t\t<div class=\"elementor-element elementor-element-ba8c739 elementor-widget elementor-widget-heading\" data-id=\"ba8c739\" data-element_type=\"widget\" data-e-type=\"widget\" data-widget_type=\"heading.default\">\n\t\t\t\t<div class=\"elementor-widget-container\">\n\t\t\t\t\t<h2 class=\"elementor-heading-title elementor-size-default\">Mentions l\u00e9gales<\/h2>\t\t\t\t<\/div>\n\t\t\t\t<\/div>\n\t\t\t\t<div class=\"elementor-element elementor-element-30e817c elementor-widget elementor-widget-text-editor\" data-id=\"30e817c\" data-element_type=\"widget\" data-e-type=\"widget\" data-widget_type=\"text-editor.default\">\n\t\t\t\t<div class=\"elementor-widget-container\">\n\t\t\t\t\t\t\t\t\t<h3 data-start=\"321\" data-end=\"344\"><strong data-start=\"325\" data-end=\"344\">\u00c9diteur du site<\/strong><\/h3><p data-start=\"345\" data-end=\"405\">Le site internet <strong data-start=\"362\" data-end=\"389\"><a class=\"decorated-link\" href=\"http:\/\/www.restaurantlepik.com\" target=\"_new\" rel=\"noopener\" data-start=\"364\" data-end=\"387\">www.restaurantlepik.com<\/a><\/strong> est \u00e9dit\u00e9 par :<\/p><p data-start=\"407\" data-end=\"829\"><strong data-start=\"407\" data-end=\"452\">RESTAURANT LE PIK<\/strong><br data-start=\"452\" data-end=\"455\" \/>Soci\u00e9t\u00e9 \u00e0 responsabilit\u00e9 limit\u00e9e<br data-start=\"487\" data-end=\"490\" \/>Si\u00e8ge social : Route de la Travers\u00e9e,<br data-start=\"527\" data-end=\"530\" \/>97125 <strong data-start=\"536\" data-end=\"550\">Bouillante<\/strong>, <strong data-start=\"552\" data-end=\"566\">Guadeloupe<\/strong> (France) <br data-start=\"613\" data-end=\"616\" \/>SIRET : 889 515 623 00011 <br data-start=\"679\" data-end=\"682\" \/>T\u00e9l\u00e9phone : +590 590 10 77 12 <br data-start=\"749\" data-end=\"752\" \/>Email : <strong data-start=\"760\" data-end=\"791\"><a class=\"decorated-link cursor-pointer\" rel=\"noopener\" data-start=\"762\" data-end=\"789\">contact@restaurantlepik.com<\/a><\/strong><\/p><p data-start=\"831\" data-end=\"938\">Directeur de la publication : <strong data-start=\"861\" data-end=\"900\">Thierry Chaulet<\/strong><\/p><h3 data-start=\"940\" data-end=\"965\"><strong data-start=\"944\" data-end=\"965\">H\u00e9bergeur du site<\/strong><\/h3><p data-start=\"966\" data-end=\"1141\">Le site est h\u00e9berg\u00e9 par : <strong data-start=\"994\" data-end=\"1018\">GANDI<\/strong><br data-start=\"1018\" data-end=\"1021\" \/>63-65 Boulevard Mass\u00e9na, 75013 Paris<br data-start=\"1104\" data-end=\"1107\" \/>Site Web :\u00a0<a href=\"http:\/\/www.gandi.net\/fr\">www.gandi.net\/fr<\/a><\/p><h3 data-start=\"1221\" data-end=\"1253\"><strong data-start=\"1225\" data-end=\"1253\">Propri\u00e9t\u00e9 intellectuelle<\/strong><\/h3><p data-start=\"1254\" data-end=\"1554\">L\u2019ensemble des contenus pr\u00e9sents sur ce site (textes, images, graphismes, logo, vid\u00e9os, ic\u00f4nes, etc.) est prot\u00e9g\u00e9 par les dispositions du Code de la propri\u00e9t\u00e9 intellectuelle. Toute reproduction, repr\u00e9sentation, modification, publication ou adaptation est interdite sans autorisation \u00e9crite pr\u00e9alable.<\/p><h3 data-start=\"1556\" data-end=\"1578\"><strong data-start=\"1560\" data-end=\"1578\">Responsabilit\u00e9<\/strong><\/h3><p data-start=\"1579\" data-end=\"1950\">Les informations publi\u00e9es sur ce site sont fournies \u00e0 titre indicatif. L\u2019\u00e9diteur s\u2019efforce d\u2019assurer l\u2019exactitude et la mise \u00e0 jour des contenus, mais ne peut garantir qu\u2019ils soient complets, pr\u00e9cis et \u00e0 jour. L\u2019\u00e9diteur ne saurait \u00eatre tenu responsable des dommages directs ou indirects r\u00e9sultant de l\u2019acc\u00e8s ou de l\u2019usage du site ou des informations qui y sont diffus\u00e9es.<\/p><h3 data-start=\"1952\" data-end=\"1980\"><strong data-start=\"1956\" data-end=\"1980\">Donn\u00e9es personnelles<\/strong><\/h3><p data-start=\"1981\" data-end=\"2436\">Ce site peut \u00eatre amen\u00e9 \u00e0 collecter des donn\u00e9es personnelles (formulaire de contact, newsletter, etc.). Conform\u00e9ment au <strong data-start=\"2101\" data-end=\"2159\">R\u00e8glement G\u00e9n\u00e9ral sur la Protection des Donn\u00e9es (RGPD)<\/strong> et \u00e0 la loi \u00ab Informatique et Libert\u00e9s \u00bb, vous disposez d\u2019un droit d\u2019acc\u00e8s, de rectification, de suppression et d\u2019opposition des donn\u00e9es vous concernant. Pour exercer ces droits ou pour toute question sur la protection des donn\u00e9es, \u00e9crivez \u00e0 : <strong data-start=\"2404\" data-end=\"2435\"><a class=\"decorated-link cursor-pointer\" rel=\"noopener\" data-start=\"2406\" data-end=\"2433\">contact@restaurantlepik.com<\/a><\/strong>.<\/p><h3 data-start=\"2438\" data-end=\"2453\"><strong data-start=\"2442\" data-end=\"2453\">Cookies<\/strong><\/h3><p data-start=\"2454\" data-end=\"2654\">Le site peut utiliser des cookies pour am\u00e9liorer votre exp\u00e9rience de navigation. Vous pouvez \u00e0 tout moment configurer ou d\u00e9sactiver l\u2019enregistrement des cookies via les param\u00e8tres de votre navigateur.<\/p><h3 data-start=\"2656\" data-end=\"2680\"><strong data-start=\"2660\" data-end=\"2680\">Lois applicables<\/strong><\/h3><p data-start=\"2681\" data-end=\"2811\">Les pr\u00e9sentes mentions l\u00e9gales sont r\u00e9gies par la loi fran\u00e7aise. En cas de litige, les tribunaux fran\u00e7ais seront seuls comp\u00e9tents.<\/p>\t\t\t\t\t\t\t\t<\/div>\n\t\t\t\t<\/div>\n\t\t\t\t\t<\/div>\n\t\t\t\t<\/div>\n\t\t\t\t<\/div>\n\t\t","protected":false},"excerpt":{"rendered":"<p>Mentions l\u00e9gales \u00c9diteur du site Le site internet www.restaurantlepik.com est \u00e9dit\u00e9 par : RESTAURANT LE PIKSoci\u00e9t\u00e9 \u00e0 responsabilit\u00e9 limit\u00e9eSi\u00e8ge social : Route de la Travers\u00e9e,97125 Bouillante, Guadeloupe (France) SIRET : 889 515 623 00011 T\u00e9l\u00e9phone : +590 590 10 77 12 Email : contact@restaurantlepik.com Directeur de la publication : Thierry Chaulet H\u00e9bergeur du site Le [&hellip;]<\/p>\n","protected":false},"author":1,"featured_media":0,"parent":0,"menu_order":0,"comment_status":"closed","ping_status":"closed","template":"","meta":{"footnotes":""},"class_list":["post-565","page","type-page","status-publish","hentry"],"_links":{"self":[{"href":"https:\/\/www.restaurantlepik.com\/index.php\/wp-json\/wp\/v2\/pages\/565","targetHints":{"allow":["GET"]}}],"collection":[{"href":"https:\/\/www.restaurantlepik.com\/index.php\/wp-json\/wp\/v2\/pages"}],"about":[{"href":"https:\/\/www.restaurantlepik.com\/index.php\/wp-json\/wp\/v2\/types\/page"}],"author":[{"embeddable":true,"href":"https:\/\/www.restaurantlepik.com\/index.php\/wp-json\/wp\/v2\/users\/1"}],"replies":[{"embeddable":true,"href":"https:\/\/www.restaurantlepik.com\/index.php\/wp-json\/wp\/v2\/comments?post=565"}],"version-history":[{"count":18,"href":"https:\/\/www.restaurantlepik.com\/index.php\/wp-json\/wp\/v2\/pages\/565\/revisions"}],"predecessor-version":[{"id":589,"href":"https:\/\/www.restaurantlepik.com\/index.php\/wp-json\/wp\/v2\/pages\/565\/revisions\/589"}],"wp:attachment":[{"href":"https:\/\/www.restaurantlepik.com\/index.php\/wp-json\/wp\/v2\/media?parent=565"}],"curies":[{"name":"wp","href":"https:\/\/api.w.org\/{rel}","templated":true}]}}